. Is c a multiple of 27?
False
Let p(m) = -5*m - 3*m + 5 + m + 5*m**2 - 4*m**2. Let s be p(7). Suppose -36 = -s*i + 99. Is i a multiple of 10?
False
Let m(b) = -b + 6. Let g be m(6). Suppose 5*o + o - 24 = g. Suppose -4*y = -4, 0 = o*s - 5*s + y + 7. Does 3 divide s?
False
Let z = -2 - -7. Suppose z*p - 2*p = -12. Let v = p - -20. Does 8 divide v?
True
Let q be (-28)/5 + 0 - (-4)/(-10). Does 10 divide -36*6/(-8) - q/2?
True
Let x(f) = -10*f - 39. Let i be x(-4). Is (i - 2)/((-1)/13) a multiple of 13?
True
Let s(y) = -y**3 + 24*y**2 + 40*y + 6. Let q(n) = -5*n**3 + 95*n**2 + 161*n + 23. Let w(l) = -2*q(l) + 9*s(l). Is 21 a factor of w(-24)?
False
Is 72 a factor of 107 - 1 - (-5)/(-1 + -4)?
False
Suppose 0*s + 2*s - 496 = -2*l, 3*s = 3*l + 732. Is 49 a factor of s + (1 - -2)/(-3)?
True
Let h(a) = -a**2 + 11*a + 5. Let t be ((-42)/(-4))/7*8. Let r be h(t). Is 2/r - (-51)/7 a multiple of 7?
True
Is 10 a factor of -1 - (12/4 + -44)?
True
Let j = -782 + 1818. Is 42 a factor of j?
False
Let k be (-2)/(-6) + (-1815)/45. Let t = -25 - k. Does 14 divide t?
False
Let f(n) = -n - 3. Let r(q) = q + 2. Let z(c) = 2*f(c) + 3*r(c). Suppose 8*d - d - 35 = 0. Is z(d) a multiple of 4?
False
Let s(v) = 61*v + 4. Suppose 2*p + p - 3 = 0. Is s(p) a multiple of 22?
False
Suppose 45*j + 19250 = 55*j. Does 35 divide j?
True
Suppose -u + 99 = -3*x - 24, -502 = -4*u + 2*x. Suppose 2*b = -2*h + u, 0 = -11*b + 6*b + h + 321. Is b a multiple of 10?
False
Let c(a) = a**2 - 7*a + 8. Let d(p) = p**2 - 7*p + 8. Let w(b) = -6*c(b) + 7*d(b). Let y be w(6). Suppose y*o = -3*o + 55. Is o even?
False
Let f(o) be the third derivative of -65*o**6/24 + o**3/6 + 33*o**2. Does 20 divide f(-1)?
False
Let m be 1/(-5) - 1128/(-40). Let n = m - 0. Is 4 a factor of n?
True
Suppose 0*p = -4*p. Suppose r - 4*y = 20, -r - 5*y - 18 + 2 = p. Suppose -r*a = -177 - 7. Is 11 a factor of a?
False
Let w = -86 + 77. Is (-465)/w - (-3)/9 a multiple of 13?
True
Suppose -15 = -3*g + 3. Does 23 divide 154 - ((-1)/g + 35/30)?
False
Suppose 3*w - 17 = -5*v, 0*v - 3*v = 2*w - 10. Is (2 - 5) + 278/(v + -2) a multiple of 34?
True
Suppose 4*b + 2*p - 664 = -p, 498 = 3*b + 3*p. Suppose -5*q - 12 - 62 = -2*n, 3*q = 5*n - b. Does 8 divide n?
True
Suppose 0 = 3*m + 9, -3*y - 14*m = -13*m - 6801. Does 108 divide y?
True
Let g be (36/6)/6 - -2. Let o = g - 0. Is 3 a factor of o?
True
Suppose -4*b + 2*k + 1412 = 0, -712 + 18 = -2*b - 5*k. Does 31 divide b?
False
Suppose 0 = -4*b - 3*f - 66 - 39, 0 = 3*b - 5*f + 86. Let m = 32 + b. Is 11 a factor of 2/m - 864/(-40)?
True
Suppose 3*k = -6*b + 2*b - 363, 0 = -5*k + 5*b - 570. Let q = 134 + k. Does 2 divide q?
False
Suppose 4*k - 6 - 2 = 0. Suppose 18 - 138 = -k*v. Suppose -100 = -5*q + v. Does 5 divide q?
False
Suppose 6*t + 145 = 4*o + 11*t, 117 = 3*o + t. Is 10 a factor of o?
True
Let j(h) = h**2 + 33 + 10*h + 2*h**3 - 41 - 9*h**2. Is j(6) a multiple of 49?
True
Let x(u) = 17*u - 61. Let f(d) = 51*d - 183. Let s(z) = 2*f(z) - 7*x(z). Is 23 a factor of s(-5)?
False
Suppose 0*i + 2*i = -4*k + 16, -4*k + 24 = 4*i. Suppose 3*z = -2*s + 7*s + 1681, i*z = 2*s + 2218. Suppose 0 = 5*f - z + 72. Is f a multiple of 16?
True
Suppose x + 0 = 4, 0 = -3*m - x - 41. Let u = 77 + m. Suppose -6*c + u = -4*c. Is 13 a factor of c?
False
Let n = 101 + 5. Is n a multiple of 4?
False
Suppose -8 = 2*a, 4*p + 5*a + 387 = 2667. Is 9 a factor of p?
False
Is 3 a factor of 11*(-24)/(-132)*103/2?
False
Let p be ((-18)/(-8))/((-15)/(-40)). Suppose -3*k = -p*k + 15. Suppose -k*h + 0*h = -200. Does 8 divide h?
True
Let r = -198 - -290. Let o = r - 65. Does 8 divide o?
False
Suppose 4*q - 3*q - 11 = -4*y, 3*y - 8 = -q. Suppose y*m - 29 = 5*j, 5*m + 2 = 2*j + 25. Suppose 2*l = -m*l + 630. Is l a multiple of 42?
True
Suppose -348 = -4*g + t, -3*t = -7*g + 3*g + 340. Suppose 52 = 5*d - g. Suppose -27 - d = -5*m. Does 7 divide m?
False
Suppose -9*x + 14*x - 25 = 0. Suppose -2*a - 5*g = 576, x*g - 2*g - 576 = 2*a. Is 14 a factor of a/56*14/(-2)?
False
Does 6 divide 4500/16 + (-18)/(-24)?
True
Is 21 a factor of (5 - -157) + 6/1?
True
Suppose 2*x - 99 - 417 = 4*p, 5*x - 1270 = 6*p. Is x a multiple of 31?
True
Suppose -3*g = 6*d - 3*d - 66, -4*g = 5*d - 110. Does 5 divide d?
False
Suppose 2*q = 13*o - 9*o + 140, 4*o = 4*q - 272. Is 22 a factor of q?
True
Let p be ((-3)/(-2))/(9/12). Let t be (75 - -4)/(p/4). Suppose -z = 2*j - 38, -5*z - 3*j = -j - t. Is z a multiple of 16?
False
Suppose 16 = -9*t - 2. Let y(a) = 13*a**2 - 4. Does 16 divide y(t)?
True
Let m = -901 - -957. Is m a multiple of 14?
True
Let p = 26 - 23. Suppose 43 = 4*u + p. Is 15 a factor of 2/u - 3140/(-50)?
False
Let o be 138 + (0/(-2))/1. Let g = o - 228. Does 17 divide ((-14)/3)/(20/g)?
False
Let k be (-58)/(7/(14/4)). Let u = k - -61. Is 22 a factor of u?
False
Suppose 4 = -2*z + 522. Does 7 divide z?
True
Let j = 2325 + -843. Is j a multiple of 57?
True
Suppose -2*g + 5*g - 270 = 0. Suppose 6*r - g = -0*r. Is r a multiple of 13?
False
Let y(x) = -x. Let l = -60 + 44. Is y(l) a multiple of 2?
True
Suppose -2*w + k + 11 - 1 = 0, 2*w - 10 = -2*k. Suppose 2*u + 1224 = 5*d, 1194 + 16 = w*d + 5*u. Is 11 a factor of d?
False
Suppose 4*g - 5*x - 547 = 20, 0 = -2*g - 4*x + 316. Suppose -k - 3*k + g = 0. Is 8 a factor of k?
False
Let d = 9 + -51. Let i = 59 + d. Is 17 a factor of i?
True
Let k = 20 + -54. Suppose -q + 244 = -4*w - 0*q, -292 = 5*w + 2*q. Let d = k - w. Is d a multiple of 26?
True
Suppose -36852 = 45*c - 82*c. Is 83 a factor of c?
True
Let b = -34 + 45. Suppose -240 = -16*q + b*q. Is q a multiple of 16?
True
Let l(w) = -2*w - 41 + 22 - 16*w + 4*w**2. Is 11 a factor of l(9)?
True
Let u be (6/(-12) + 0)*31*2. Let f = 53 + u. Is f a multiple of 3?
False
Suppose 0 = -4*a - s + 124, -5*s - 25 = 3*a - 101. Suppose -c = -3*o - 22, 9*o + a = 6*o - c. Is (162/(-8))/(o/24) a multiple of 18?
True
Suppose -14*q + 4936 = -5816. Does 30 divide q?
False
Let c be -5 + (-8)/(-1 + 0). Suppose -c*h = f - 276, 5*f - h = 1090 + 258. Is 10 a factor of f?
True
Is 14 a factor of 134*(72/16 + -2)?
False
Is (10/3)/((0 + 9)/189) a multiple of 5?
True
Suppose 13*c - 5*c - 680 = 0. Suppose -3*d = -c - 35. Does 4 divide d?
True
Suppose 150 = -18*l + 3*l. Is 25 a factor of (3 - 95/l)*20?
True
Let n(o) be the first derivative of -20*o**2 + 32*o + 20. Does 24 divide n(-4)?
True
Suppose -2*b + 4*w + 398 = 0, -b + w + 202 - 8 = 0. Is b a multiple of 9?
True
Let o(i) = -i**3 - 6*i**2 + 12*i + 5. Let z be o(-8). Let d = 0 - -4. Suppose -p - k = -z, 2*p - 74 = -3*k + d*k. Does 8 divide p?
False
Suppose -3*s + 48 = -6*s. Let a = s + 25. Suppose -a - 43 = -v. Is v a multiple of 11?
False
Let q be 2/14 - 27/(-7). Suppose 8 = 2*o - 4. Suppose 3*v + 0*v = -o, -q*v + 73 = 3*i. Is i a multiple of 10?
False
Let n = 1052 + -898. Does 3 divide n?
False
Let l(t) = -34*t - 167. Is 6 a factor of l(-14)?
False
Let b(j) be the second derivative of j**5/20 - j**3/6 + 30*j**2 + 33*j. Is 10 a factor of b(0)?
True
Is (-3 + 4)*-324*-8 a multiple of 12?
True
Let r(h) = -424*h + 136. Is r(-3) a multiple of 24?
False
Suppose 0 = 2*p - 3*k + 2, 2*k + 4 = 3*p - 3. Suppose -2*y + 9 = -3*a - 653, -2*a - p*y = 473. Is 0 - 1/(4/a) a multiple of 18?
False
Suppose 71 = h + 4*u, -3*u = 4*h - 7*u - 264. Suppose o - h = -0*o. Let c = -43 + o. Is 7 a factor of c?
False
Suppose 0 = -2*i + 80 - 4. Let q = i - 3. Is 5 a factor of q?
True
Let m(v) = -v**3 - 14*v**2 - 71*v - 17. Is m(-6) a multiple of 10?
False
Let c(f) = f**2 - 4*f - 7. Suppose 5*v = 19 + 6. Let k be c(v). Is ((-86)/(-4))/(k/(-4)) a multiple of 11?
False
Let m(h) = 3 + 3*h - 6*h + h. Is m(-6) a multiple of 4?
False
Let n be -1 + 1 + (4 - 6). Suppose -4*t + 13 - 33 = 0. Let k = n - t. Does 3 divide k?
True
Let k = -35 + 220. Suppose -2*t = 49 - k. Is t a multiple of 17?
True
Suppose 4*y + v - 18 - 1 = 0, 2*v + 7 = y. Let h(g) = g**2 - 4*g + 2. Let n be h(y). Suppose -n*j - 9 = -8*j. Is 3 a factor of j?
True
Let x(a) = a**3 - 29*a**2 - 25*a + 5. Does 4 divide x(30)?
False
Suppose -4*w = w + 75. Let z be -4*(-2)/8 - w. Suppose m - z = 10. Is m a multiple of 5?
False
Suppose i + 23 = 2*g - 4*i, -3*g - 5*i - 3 = 0. Suppose g*v - 85 = 43. Is v a multiple of 4?
True
Suppose 2*a = 7*a + 5*o - 1480, -4*a + 4*o = -1216. Suppose 0*h + a = 6*h. Let x 